a prime number?
True
Is 870915299 prime?
True
Is 60165674735 a prime number?
False
Is 25836052661 a prime number?
False
Is 49425815629 a prime number?
True
Is 3613839981 prime?
False
Is 806997109 prime?
False
Is 106172014823 composite?
True
Is 897302141 a prime number?
False
Is 1057625713 composite?
False
Is 13510178369 a prime number?
False
Is 6591503591 a composite number?
True
Is 1942892767 composite?
False
Is 999179359 a composite number?
False
Is 807345633 prime?
False
Is 596043427 composite?
True
Is 1647023489 prime?
False
Is 12105632437 a prime number?
True
Is 852316609 a composite number?
False
Is 1929568097 composite?
False
Is 44946947 a prime number?
False
Is 1571076181 a prime number?
True
Is 3728735533 composite?
True
Is 611037367 a composite number?
False
Is 26784995233 prime?
True
Is 44414907847 a composite number?
False
Is 1627148219 a prime number?
True
Is 26481640187 composite?
True
Is 65737387 composite?
True
Is 3766129651 a composite number?
False
Is 4280568333 prime?
False
Is 15062987 a prime number?
True
Is 657728609 a composite number?
True
Is 9710904239 composite?
False
Is 5479518703 a prime number?
True
Is 24550578581 a composite number?
False
Is 21660391879 composite?
True
Is 9238771211 a composite number?
False
Is 3214131917 a composite number?
True
Is 13083128263 prime?
True
Is 29021109319 prime?
False
Is 13268042063 prime?
True
Is 2234749834 a composite number?
True
Is 1447335095 composite?
True
Is 3835336117 a prime number?
True
Is 5057914101 a composite number?
True
Is 9636751603 a composite number?
True
Is 5173868933 a prime number?
True
Is 28482320179 composite?
True
Is 3346478659 a prime number?
False
Is 8976723313 a composite number?
True
Is 201491503 composite?
True
Is 6033442663 composite?
True
Is 12022455239 composite?
True
Is 24677323949 a composite number?
False
Is 37756219 composite?
False
Is 13868927767 a prime number?
False
Is 71706103 prime?
False
Is 101339801 composite?
False
Is 2450606177 composite?
False
Is 2653881691 prime?
True
Is 1746604283 composite?
False
Is 26153789705 a prime number?
False
Is 118190477357 a composite number?
True
Is 2473260887 composite?
False
Is 64233283799 composite?
False
Is 47102062291 a prime number?
False
Is 5786010611 a composite number?
False
Is 648738833 prime?
False
Is 718956463 a composite number?
True
Is 905681526055 a composite number?
True
Is 22905788237 composite?
False
Is 1152007013 a prime number?
False
Is 871763611 prime?
True
Is 1546827421 a composite number?
False
Is 4437473099 a prime number?
False
Is 40315747799 a prime number?
False
Is 1752955177 a prime number?
True
Is 3074108431 a composite number?
True
Is 40278247987 a composite number?
True
Is 2490253289 a prime number?
True
Is 234209338973 a composite number?
False
Is 6709440305 a composite number?
True
Is 236789941 prime?
True
Is 4669537667 a prime number?
False
Is 12609565427 prime?
True
Is 142986661 composite?
False
Is 26570595481 a composite number?
False
Is 22339863079 a prime number?
True
Is 1788664511 a composite number?
True
Is 3624674777 a prime number?
False
Is 534285043 prime?
True
Is 15913997911 a composite number?
True
Is 237547986703 a composite number?
False
Is 1218477527 a composite number?
False
Is 34829803781 a composite number?
True
Is 69059482699 prime?
False
Is 1503556073 a prime number?
True
Is 1443119513 prime?
False
Is 7146668117 a composite number?
False
Is 1947546347 composite?
True
Is 318147971 composite?
False
Is 1562525737 a prime number?
False
Is 3438863843 prime?
True
Is 2361281613 prime?
False
Is 40456591081 a prime number?
False
Is 52956264503 composite?
True
Is 7738857851 a prime number?
False
Is 22329287147 a composite number?
True
Is 109266723121 a composite number?
True
Is 480480038 composite?
True
Is 3635663891 composite?
False
Is 120081271 a prime number?
True
Is 37816430437 a prime number?
False
Is 699913211 a prime number?
True
Is 2605869683 a prime number?
True
Is 2490494557 a prime number?
True
Is 155010107129 a composite number?
True
Is 184400459 prime?
True
Is 434017721 composite?
True
Is 50366555633 a composite number?
True
Is 31496491 a prime number?
False
Is 4503777739 prime?
False
Is 1536228227 a prime number?
True
Is 130070173 composite?
False
Is 23273866261 composite?
False
Is 138916957379 a prime number?
True
Is 2073194239 composite?
True
Is 1001306067 a prime number?
False
Is 34314001859 composite?
False
Is 28196307697 a prime number?
False
Is 13655733239 prime?
True
Is 117407159 a prime number?
True
Is 19180361 a composite number?
False
Is 1789680869 prime?
False
Is 6606677269 a composite number?
True
Is 60525730787 a composite number?
False
Is 296702579 prime?
True
Is 25531711 a prime number?
False
Is 39318466783 a composite number?
False
Is 2527383731 a prime number?
False
Is 46464633538 a prime number?
False
Is 29380081 prime?
True
Is 1248562591 prime?
False
Is 589814933 prime?
True
Is 48135611933 a composite number?
False
Is 2185463209 a prime number?
False
Is 13298036927 a composite number?
True
Is 756475913 prime?
True
Is 18840246011 a composite number?
True
Is 1190752013423 a prime number?
False
Is 21024831587 prime?
True
Is 492588409 prime?
True
Is 10445898899 prime?
False
Is 11214601679 a composite number?
False
Is 603444343 a composite number?
False
Is 6271278899 prime?
True
Is 749622469 prime?
False
Is 72155347031 a prime number?
True
Is 242838029 a composite number?
True
Is 2402095697 prime?
False
Is 11371754249 a prime number?
False
Is 1286083741 composite?
False
Is 48026988377 prime?
True
Is 1497249869 a prime number?
True
Is 5838346729 a prime number?
False
Is 18512069 a composite number?
False
Is 1851262331 a composite number?
False
Is 14695930187 a composite number?
False
Is 3161484871 a prime number?
True
Is 205228450367 prime?
False
Is 15110245099 prime?
False
Is 8484882023 prime?
True
Is 10098190259 a composite number?
False
Is 6832840127 a composite number?
False
Is 1032815149 a prime number?
True
Is 445231879 prime?
True
Is 263148493 a composite number?
False
Is 1969531901 a prime number?
True
Is 24854875355 composite?
True
Is 29031383063 a composite number?
False
Is 768430681 a prime number?
True
Is 136935945317 a prime number?
False
Is 1004653807 a composite number?
True
Is 2901676387 a composite number?
False
Is 2000044569 prime?
False
Is 337932467 a composite number?
False
Is 74910054122 a composite number?
True
Is 635845627 composite?
False
Is 44125697467 a composite number?
False
Is 21810740701 a composite number?
True
Is 12522329 composite?
False
Is 585771811 composite?
False
Is 83791151231 a composite number?
False
Is 1976153909 a composite number?
True
Is 202991466101 a prime number?
True
Is 110753204735 a prime number?
False
Is 36452231839 composite?
False
Is 2107096951 a prime number?
True
Is 24636559237 a composite number?
False
Is 564162229 prime?
True
Is 265288931 composite?
True
Is 1211913253 a composite number?
True
Is 1837171797 prime?
False
Is 5793374263 composite?
False
Is 2715296223 composite?
True
Is 2309776739 composite?
False
Is 1720288597 a composite number?
False
Is 113627471127 composite?
True
Is 574074511 a prime number?
False
Is 29143549537 a composite number?
True
Is 279734291 a composite number?
False
Is 119303157497 composite?
True
Is 472895803 a prime number?
False
Is 15850406563 a prime number?
False
Is 594976541 a prime number?
True
Is 292533821 composite?
True
Is 3166784399 prime?
True
Is 30183551963 composite?
False
Is 12452423309 prime?
True
Is 6990993217 a prime number?
False
Is 4141447123 a composite number?
True
Is 1427740229 a prime number?
True
Is 1659646221 composite?
True
Is 34008850131 a prime number?
False
Is 12090743507 a prime number?
False
Is 99494680091 a prime number?
False
Is 280500305 a composite number?
True
Is 401774677 prime?
True
Is 4632519721 prime?
True
Is 2070705317 composite?
True
Is 2993724821 a composite number?
False
Is 2158678378 prime?
False
Is 1811904161 a prime number?
True
Is 566014231 a composite number?
False
Is 1239373309 prime?
True
Is 284240107 a prime number?
False
Is 78331199059 prime?
True
Is 982060309 composite?
False
Is 17422286309 a composite number?
False
Is 8389963861 a composite number?
False
Is 229593937 a prime number?
True
Is 1524926